te the remainder when 179613177 is divided by 30.
27
What is the remainder when 908991 is divided by 3?
0
Calculate the remainder when 29324507 is divided by 1018.
1017
What is the remainder when 124783 is divided by 662?
327
Calculate the remainder when 124409 is divided by 371.
124
Calculate the remainder when 1008067 is divided by 67.
52
Calculate the remainder when 4017997 is divided by 14.
11
Calculate the remainder when 6807 is divided by 5613.
1194
What is the remainder when 209695 is divided by 209642?
53
What is the remainder when 318887 is divided by 733?
32
What is the remainder when 9774965 is divided by 888632?
13
What is the remainder when 66000 is divided by 2709?
984
What is the remainder when 1248072 is divided by 326?
144
Calculate the remainder when 533051 is divided by 33285.
491
What is the remainder when 3639481 is divided by 166?
97
What is the remainder when 76527 is divided by 900?
27
Calculate the remainder when 5615171 is divided by 295534.
25
Calculate the remainder when 1614643 is divided by 2.
1
What is the remainder when 4578349 is divided by 85?
79
Calculate the remainder when 1136308 is divided by 142036.
20
What is the remainder when 49106 is divided by 12138?
554
What is the remainder when 1506602 is divided by 972?
2
What is the remainder when 64278 is divided by 2160?
1638
What is the remainder when 2796419 is divided by 446?
445
What is the remainder when 102247802 is divided by 546?
20
Calculate the remainder when 48775612 is divided by 914.
2
Calculate the remainder when 555340499 is divided by 8630.
8629
Calculate the remainder when 3788 is divided by 1140.
368
Calculate the remainder when 7135 is divided by 811.
647
Calculate the remainder when 66013 is divided by 494.
311
What is the remainder when 156537 is divided by 910?
17
Calculate the remainder when 70153483 is divided by 23384485.
28
Calculate the remainder when 77690333 is divided by 32.
29
Calculate the remainder when 434260 is divided by 1134.
1072
What is the remainder when 920310 is divided by 293?
290
What is the remainder when 14622123 is divided by 3795?
3783
Calculate the remainder when 211163 is divided by 3060.
23
Calculate the remainder when 1204282 is divided by 2031.
1930
What is the remainder when 79399 is divided by 15811?
344
What is the remainder when 662769 is divided by 55224?
81
Calculate the remainder when 259191 is divided by 745.
676
Calculate the remainder when 10654516 is divided by 86622.
10
What is the remainder when 468709 is divided by 9350?
1209
What is the remainder when 513419 is divided by 171033?
320
Calculate the remainder when 266248323 is divided by 2488302.
9
Calculate the remainder when 348296 is divided by 173767.
762
What is the remainder when 7439 is divided by 138?
125
What is the remainder when 10616618 is divided by 134?
66
What is the remainder when 4816325 is divided by 1598?
1551
Calculate the remainder when 25038493 is divided by 250.
243
What is the remainder when 111071 is divided by 6928?
223
Calculate the remainder when 2874 is divided by 549.
129
Calculate the remainder when 24665503 is divided by 2496.
31
What is the remainder when 19918986 is divided by 369?
366
Calculate the remainder when 81341454 is divided by 6224.
6222
What is the remainder when 61883 is divided by 3152?
1995
Calculate the remainder when 3467574 is divided by 133368.
6
What is the remainder when 2327647 is divided by 581894?
71
What is the remainder when 1024556 is divided by 72?
68
What is the remainder when 20165119 is divided by 1280?
1279
Calculate the remainder when 96047 is divided by 6890.
6477
Calculate the remainder when 2868580 is divided by 9.
1
What is the remainder when 24131 is divided by 2983?
267
What is the remainder when 2332721 is divided by 1166335?
51
What is the remainder when 107419461 is divided by 7599?
7596
Calculate the remainder when 103513 is divided by 264.
25
Calculate the remainder when 1114102 is divided by 3296.
54
Calculate the remainder when 70719946 is divided by 411.
409
What is the remainder when 24582939 is divided by 213?
183
Calculate the remainder when 35200910 is divided by 42.
38
Calculate the remainder when 29116 is divided by 4102.
402
What is the remainder when 1168434 is divided by 1047?
1029
What is the remainder when 70227092 is divided by 193?
182
Calculate the remainder when 474025 is divided by 101.
32
Calculate the remainder when 333150 is divided by 333025.
125
What is the remainder when 427005833 is divided by 81?
77
What is the remainder when 27701946 is divided by 461?
456
What is the remainder when 684742 is divided by 52670?
32
Calculate the remainder when 2015315 is divided by 45.
35
Calculate the remainder when 423076 is divided by 47001.
67
What is the remainder when 3089709 is divided by 2135?
364
What is the remainder when 12814126 is divided by 146?
144
Calculate the remainder when 7265661 is divided by 169.
13
What is the remainder when 13458813 is divided by 896?
893
Calculate the remainder when 825301238 is divided by 1966.
1962
What is the remainder when 389908 is divided by 2226?
358
What is the remainder when 33913857 is divided by 1020?
897
Calculate the remainder when 119107 is divided by 41.
2
What is the remainder when 21413950 is divided by 2676740?
30
What is the remainder when 101738 is divided by 2558?
1976
Calculate the remainder when 194584787 is divided by 54.
53
Calculate the remainder when 53191954 is divided by 35892.
10
Calculate the remainder when 700389 is divided by 2.
1
Calculate the remainder when 14047612 is divided by 3628.
3624
Calculate the remainder when 16109 is divided by 2571.
683
What is the remainder when 195794 is divided by 8888?
258
What is the remainder when 3197543 is divided by 101?
85
Calculate the remainder when 1421475 is divided by 254.
91
Calculate the remainder when 889561 is divided by 296520.
1
Calculate the remainder when 11144290 is divided by 2949.
19
What is the remainder when 2747100 is divided by 1173?
1107
Calculate the remainder when 418379 is divided by 13490.
189
Calculate the remainder when 47086037 is divided by 143.
141
Calculate the remainder when 64782 is divided by 21584.
30
What is the remainder when 265184 is divided by 7384?
6744
What is the remainder when 235101 is divided by 3453?
297
Calculate the remainder when 37962928 is divided by 15.
13
Calculate the remainder when 4566346 is divided by 64.
10
What is the remainder when 2245173 is divided by 230?
143
What is the remainder when 1605572 is divided by 10?
2
Calculate the remainder when 481362 is divided by 4960.
242
Calculate the remainder when 56192388 is divided by 1568.
1540
Calculate the remainder when 11735510 is divided by 449.
446
What is the remainder when 6832571 is divided by 6458?
7
Calculate the remainder when 11371568 is divided by 11371562.
6
What is the remainder when 95651 is divided by 94869?
782
What is the remainder when 100441 is divided by 24830?
1121
Calculate the remainder when 61969689 is divided by 15.
9
Calculate the remainder when 1084590 is divided by 28.
10
Calculate the remainder when 3801973 is divided by 4019.
4018
What is the remainder when 199210 is divided by 33166?
214
What is the remainder when 17890457 is divided by 69?
68
Calculate the remainder when 750605804 is divided by 1035.
1034
Calculate the remainder when 167873 is divided by 39.
17
What is the remainder when 2333634 is divided by 99?
6
Calculate the remainder when 8889268 is divided by 30.
28
What is the remainder when 1367724 is divided by 151918?
462
Calculate the remainder when 439760460 is divided by 2249.
2245
Calculate the remainder when 72925487 is divided by 1566.
1565
Calculate the remainder when 80000877 is divided by 120.
117
What is the remainder when 18254068 is divided by 18877?
9
Calculate the remainder when 4947701 is divided by 1236884.
165
What is the remainder when 83624 is divided by 27832?
128
Calculate the remainder when 119003807 is divided by 16.
15
Calculate the remainder when 827276 is divided by 616.
604
What is the remainder when 17384 is divided by 263?
26
What is the remainder when 11079868 is divided by 287?
233
What is the remainder when 35541 is divided by 542?
311
What is the remainder when 10